{"id":114,"date":"2025-07-28T14:26:34","date_gmt":"2025-07-28T14:26:34","guid":{"rendered":"http:\/\/deltaprodevent.fr\/?post_type=product&#038;p=114"},"modified":"2025-08-10T10:37:43","modified_gmt":"2025-08-10T10:37:43","slug":"shure-beta-52","status":"publish","type":"product","link":"https:\/\/deltaprodevent.fr\/index.php\/product\/shure-beta-52\/","title":{"rendered":"SHURE BETA 52"},"content":{"rendered":"<h2 class=\"fx-headline fx-headline--3 fx-space-bottom--m\">Shure Beta 52<\/h2>\n<ul class=\"fx-list product-text__list\">\n<li style=\"list-style-type: none;\">\n<ul class=\"fx-list product-text__list\">\n<li class=\"fx-list__item list-item fx-list__item--circle\"><span class=\"fx-text fx-text--plus list-item__text\">Micro Dynamique\u00a0<\/span><\/li>\n<li class=\"fx-list__item list-item fx-list__item--circle\"><span class=\"fx-text fx-text--plus list-item__text\">Directivit\u00e9: supercardio\u00efde<\/span><\/li>\n<li class=\"fx-list__item list-item fx-list__item--circle\"><span class=\"fx-text fx-text--plus list-item__text\">R\u00e9ponse en fr\u00e9quence: 20 &#8211; 10,000 Hz<\/span><\/li>\n<li class=\"fx-list__item list-item fx-list__item--circle\"><span class=\"fx-text fx-text--plus list-item__text\">SPL max: 174 dB<\/span><\/li>\n<li class=\"fx-list__item list-item fx-list__item--circle\"><span class=\"fx-text fx-text--plus list-item__text\">Sensibilit\u00e9: -64 dBV \/ Pa<\/span><\/li>\n<li class=\"fx-list__item list-item fx-list__item--circle\"><span class=\"fx-text fx-text--plus list-item__text\">Id\u00e9al pour grosse caisse<br \/>\n<img loading=\"lazy\" decoding=\"async\" class=\"alignnone size-medium wp-image-115\" src=\"http:\/\/deltaprodevent.fr\/wp-content\/uploads\/2025\/07\/beta-52-hd-52000-257x300.webp\" alt=\"\" width=\"257\" height=\"300\" srcset=\"https:\/\/deltaprodevent.fr\/wp-content\/uploads\/2025\/07\/beta-52-hd-52000-257x300.webp 257w, https:\/\/deltaprodevent.fr\/wp-content\/uploads\/2025\/07\/beta-52-hd-52000-250x292.webp 250w, https:\/\/deltaprodevent.fr\/wp-content\/uploads\/2025\/07\/beta-52-hd-52000-350x409.webp 350w, https:\/\/deltaprodevent.fr\/wp-content\/uploads\/2025\/07\/beta-52-hd-52000-876x1024.webp 876w, https:\/\/deltaprodevent.fr\/wp-content\/uploads\/2025\/07\/beta-52-hd-52000-768x898.webp 768w, https:\/\/deltaprodevent.fr\/wp-content\/uploads\/2025\/07\/beta-52-hd-52000-1314x1536.webp 1314w, https:\/\/deltaprodevent.fr\/wp-content\/uploads\/2025\/07\/beta-52-hd-52000.webp 1540w\" sizes=\"auto, (max-width: 257px) 100vw, 257px\" \/><\/span><\/li>\n<\/ul>\n<\/li>\n<\/ul>\n","protected":false},"excerpt":{"rendered":"<p>Shure Beta 52 Micro Dynamique\u00a0 Directivit\u00e9: supercardio\u00efde R\u00e9ponse en fr\u00e9quence: 20 &#8211; 10,000 Hz SPL max: 174 dB Sensibilit\u00e9: -64 dBV \/ Pa Id\u00e9al pour grosse caisse<\/p>\n","protected":false},"featured_media":115,"template":"","meta":{"jetpack_publicize_message":"","jetpack_publicize_feature_enabled":true,"jetpack_social_post_already_shared":false,"jetpack_social_options":{"image_generator_settings":{"template":"highway","default_image_id":0,"enabled":false},"version":2}},"product_brand":[],"product_cat":[19,20],"product_tag":[],"class_list":{"0":"post-114","1":"product","2":"type-product","3":"status-publish","4":"has-post-thumbnail","6":"product_cat-sonorisation","7":"product_cat-studio","9":"first","10":"instock","11":"shipping-taxable","12":"purchasable","13":"product-type-redq_rental"},"jetpack_publicize_connections":[],"jetpack_sharing_enabled":true,"_links":{"self":[{"href":"https:\/\/deltaprodevent.fr\/index.php\/wp-json\/wp\/v2\/product\/114","targetHints":{"allow":["GET"]}}],"collection":[{"href":"https:\/\/deltaprodevent.fr\/index.php\/wp-json\/wp\/v2\/product"}],"about":[{"href":"https:\/\/deltaprodevent.fr\/index.php\/wp-json\/wp\/v2\/types\/product"}],"wp:featuredmedia":[{"embeddable":true,"href":"https:\/\/deltaprodevent.fr\/index.php\/wp-json\/wp\/v2\/media\/115"}],"wp:attachment":[{"href":"https:\/\/deltaprodevent.fr\/index.php\/wp-json\/wp\/v2\/media?parent=114"}],"wp:term":[{"taxonomy":"product_brand","embeddable":true,"href":"https:\/\/deltaprodevent.fr\/index.php\/wp-json\/wp\/v2\/product_brand?post=114"},{"taxonomy":"product_cat","embeddable":true,"href":"https:\/\/deltaprodevent.fr\/index.php\/wp-json\/wp\/v2\/product_cat?post=114"},{"taxonomy":"product_tag","embeddable":true,"href":"https:\/\/deltaprodevent.fr\/index.php\/wp-json\/wp\/v2\/product_tag?post=114"}],"curies":[{"name":"wp","href":"https:\/\/api.w.org\/{rel}","templated":true}]}}