{"id":159,"date":"2025-07-28T15:57:23","date_gmt":"2025-07-28T15:57:23","guid":{"rendered":"http:\/\/deltaprodevent.fr\/?post_type=product&#038;p=159"},"modified":"2025-08-10T10:20:13","modified_gmt":"2025-08-10T10:20:13","slug":"embase-totem-legere-carre-5kg","status":"publish","type":"product","link":"https:\/\/deltaprodevent.fr\/index.php\/product\/embase-totem-legere-carre-5kg\/","title":{"rendered":"Embase totem Legere carr\u00e9 5KG"},"content":{"rendered":"<h2 class=\"fx-headline fx-headline--3 fx-space-bottom--m\">Structure Embase Totem L\u00e9g\u00e8re Carr\u00e9<\/h2>\n<ul class=\"fx-list product-text__list\">\n<li class=\"fx-list__item list-item fx-list__item--circle\"><span class=\"fx-text fx-text--plus list-item__text\">plaque Alu 5kg<\/span><\/li>\n<li class=\"fx-list__item list-item fx-list__item--circle\"><span class=\"fx-text fx-text--plus list-item__text\">carr\u00e9 de 60*60 CM<\/span><\/li>\n<li>compatible SZ29<\/li>\n<\/ul>\n<p><img loading=\"lazy\" decoding=\"async\" class=\"alignnone size-medium wp-image-160\" src=\"http:\/\/deltaprodevent.fr\/wp-content\/uploads\/2025\/07\/embase-legere-structure-carre-281x300.jpg\" alt=\"\" width=\"281\" height=\"300\" srcset=\"https:\/\/deltaprodevent.fr\/wp-content\/uploads\/2025\/07\/embase-legere-structure-carre-281x300.jpg 281w, https:\/\/deltaprodevent.fr\/wp-content\/uploads\/2025\/07\/embase-legere-structure-carre-250x267.jpg 250w, https:\/\/deltaprodevent.fr\/wp-content\/uploads\/2025\/07\/embase-legere-structure-carre-350x374.jpg 350w, https:\/\/deltaprodevent.fr\/wp-content\/uploads\/2025\/07\/embase-legere-structure-carre-958x1024.jpg 958w, https:\/\/deltaprodevent.fr\/wp-content\/uploads\/2025\/07\/embase-legere-structure-carre-768x821.jpg 768w, https:\/\/deltaprodevent.fr\/wp-content\/uploads\/2025\/07\/embase-legere-structure-carre-1437x1536.jpg 1437w, https:\/\/deltaprodevent.fr\/wp-content\/uploads\/2025\/07\/embase-legere-structure-carre.jpg 1600w\" sizes=\"auto, (max-width: 281px) 100vw, 281px\" \/><\/p>\n","protected":false},"excerpt":{"rendered":"<p>Structure Embase Totem L\u00e9g\u00e8re Carr\u00e9 plaque Alu 5kg carr\u00e9 de 60*60 CM compatible SZ29<\/p>\n","protected":false},"featured_media":160,"template":"","meta":{"jetpack_publicize_message":"","jetpack_publicize_feature_enabled":true,"jetpack_social_post_already_shared":false,"jetpack_social_options":{"image_generator_settings":{"template":"highway","default_image_id":0,"enabled":false},"version":2}},"product_brand":[],"product_cat":[21],"product_tag":[],"class_list":{"0":"post-159","1":"product","2":"type-product","3":"status-publish","4":"has-post-thumbnail","6":"product_cat-structure","8":"first","9":"instock","10":"shipping-taxable","11":"purchasable","12":"product-type-redq_rental"},"jetpack_publicize_connections":[],"jetpack_sharing_enabled":true,"_links":{"self":[{"href":"https:\/\/deltaprodevent.fr\/index.php\/wp-json\/wp\/v2\/product\/159","targetHints":{"allow":["GET"]}}],"collection":[{"href":"https:\/\/deltaprodevent.fr\/index.php\/wp-json\/wp\/v2\/product"}],"about":[{"href":"https:\/\/deltaprodevent.fr\/index.php\/wp-json\/wp\/v2\/types\/product"}],"wp:featuredmedia":[{"embeddable":true,"href":"https:\/\/deltaprodevent.fr\/index.php\/wp-json\/wp\/v2\/media\/160"}],"wp:attachment":[{"href":"https:\/\/deltaprodevent.fr\/index.php\/wp-json\/wp\/v2\/media?parent=159"}],"wp:term":[{"taxonomy":"product_brand","embeddable":true,"href":"https:\/\/deltaprodevent.fr\/index.php\/wp-json\/wp\/v2\/product_brand?post=159"},{"taxonomy":"product_cat","embeddable":true,"href":"https:\/\/deltaprodevent.fr\/index.php\/wp-json\/wp\/v2\/product_cat?post=159"},{"taxonomy":"product_tag","embeddable":true,"href":"https:\/\/deltaprodevent.fr\/index.php\/wp-json\/wp\/v2\/product_tag?post=159"}],"curies":[{"name":"wp","href":"https:\/\/api.w.org\/{rel}","templated":true}]}}