{"id":163,"date":"2025-07-28T16:09:37","date_gmt":"2025-07-28T16:09:37","guid":{"rendered":"http:\/\/deltaprodevent.fr\/?post_type=product&#038;p=163"},"modified":"2025-08-10T10:17:41","modified_gmt":"2025-08-10T10:17:41","slug":"totem-asd-2m","status":"publish","type":"product","link":"https:\/\/deltaprodevent.fr\/index.php\/product\/totem-asd-2m\/","title":{"rendered":"Totem ASD 2M"},"content":{"rendered":"<h2 class=\"fx-headline fx-headline--3 fx-space-bottom--m\">Structure Totem 2m ASD<\/h2>\n<ul class=\"fx-list product-text__list\">\n<li class=\"fx-list__item list-item fx-list__item--circle\"><span class=\"fx-text fx-text--plus list-item__text\">Au choix embase l\u00e9g\u00e8re (5 KG) ou lourde (60kKG) \u00e0 pr\u00e9ciser \u00e0 la commande<\/span><\/li>\n<li class=\"fx-list__item list-item fx-list__item--circle\"><span class=\"fx-text fx-text--plus list-item__text\">Structure asd carr\u00e9<\/span><\/li>\n<li>compatible SZ29<\/li>\n<\/ul>\n<p><img loading=\"lazy\" decoding=\"async\" class=\"alignnone size-medium wp-image-164\" src=\"http:\/\/deltaprodevent.fr\/wp-content\/uploads\/2025\/07\/totem-2-m-300x300.webp\" alt=\"\" width=\"300\" height=\"300\" srcset=\"https:\/\/deltaprodevent.fr\/wp-content\/uploads\/2025\/07\/totem-2-m-300x300.webp 300w, https:\/\/deltaprodevent.fr\/wp-content\/uploads\/2025\/07\/totem-2-m-250x250.webp 250w, https:\/\/deltaprodevent.fr\/wp-content\/uploads\/2025\/07\/totem-2-m-100x100.webp 100w, https:\/\/deltaprodevent.fr\/wp-content\/uploads\/2025\/07\/totem-2-m-350x350.webp 350w, https:\/\/deltaprodevent.fr\/wp-content\/uploads\/2025\/07\/totem-2-m-150x150.webp 150w, https:\/\/deltaprodevent.fr\/wp-content\/uploads\/2025\/07\/totem-2-m.webp 400w\" sizes=\"auto, (max-width: 300px) 100vw, 300px\" \/><\/p>\n","protected":false},"excerpt":{"rendered":"<p>Structure Totem 2m ASD Au choix embase l\u00e9g\u00e8re (5 KG) ou lourde (60kKG) \u00e0 pr\u00e9ciser \u00e0 la commande Structure asd carr\u00e9 compatible SZ29<\/p>\n","protected":false},"featured_media":164,"template":"","meta":{"jetpack_publicize_message":"","jetpack_publicize_feature_enabled":true,"jetpack_social_post_already_shared":false,"jetpack_social_options":{"image_generator_settings":{"template":"highway","default_image_id":0,"enabled":false},"version":2}},"product_brand":[],"product_cat":[21],"product_tag":[],"class_list":{"0":"post-163","1":"product","2":"type-product","3":"status-publish","4":"has-post-thumbnail","6":"product_cat-structure","8":"first","9":"instock","10":"shipping-taxable","11":"purchasable","12":"product-type-redq_rental"},"jetpack_publicize_connections":[],"jetpack_sharing_enabled":true,"_links":{"self":[{"href":"https:\/\/deltaprodevent.fr\/index.php\/wp-json\/wp\/v2\/product\/163","targetHints":{"allow":["GET"]}}],"collection":[{"href":"https:\/\/deltaprodevent.fr\/index.php\/wp-json\/wp\/v2\/product"}],"about":[{"href":"https:\/\/deltaprodevent.fr\/index.php\/wp-json\/wp\/v2\/types\/product"}],"wp:featuredmedia":[{"embeddable":true,"href":"https:\/\/deltaprodevent.fr\/index.php\/wp-json\/wp\/v2\/media\/164"}],"wp:attachment":[{"href":"https:\/\/deltaprodevent.fr\/index.php\/wp-json\/wp\/v2\/media?parent=163"}],"wp:term":[{"taxonomy":"product_brand","embeddable":true,"href":"https:\/\/deltaprodevent.fr\/index.php\/wp-json\/wp\/v2\/product_brand?post=163"},{"taxonomy":"product_cat","embeddable":true,"href":"https:\/\/deltaprodevent.fr\/index.php\/wp-json\/wp\/v2\/product_cat?post=163"},{"taxonomy":"product_tag","embeddable":true,"href":"https:\/\/deltaprodevent.fr\/index.php\/wp-json\/wp\/v2\/product_tag?post=163"}],"curies":[{"name":"wp","href":"https:\/\/api.w.org\/{rel}","templated":true}]}}